me factors of (164/6)/((16/6)/4).
41
Suppose 5*g - 5 = 4*g. Suppose 0*j - 6 = 2*j, g*k = 4*j + 22. Suppose k*n - x = 19, 3*n + 3*x = 4*x + 26. List the prime factors of n.
7
Suppose 24*u = 8*u + 5200. List the prime factors of u.
5, 13
Let n be -2 - 4*-1 - -26. Suppose n = 4*z + 4*i, 2*z - 4*i - 6 + 16 = 0. List the prime factors of z.
3
Suppose -3*q = 1 - 13. List the prime factors of q.
2
Let r(c) = -c**3 - 6*c**2 - 7. Let m be r(-6). Let a = m + 17. List the prime factors of a.
2, 5
Let z be 2 + 0*(-2)/(-6). Let s(c) = -3*c + 3*c**z - 2*c - 2 + 3*c. List the prime factors of s(2).
2, 3
Let y be 1 + (0 - 0) + 2. Suppose 0 = y*s - s - 46. Suppose 0 = a - k - 20, 2*a - 4*k - 25 = s. List the prime factors of a.
2
Let r(v) = -v**3 + 6*v**2 - 3*v + 4. What are the prime factors of r(4)?
2, 3
Let q = 35 - 8. List the prime factors of q.
3
Suppose -5*b + 2*q + 17 = 0, -1 = -2*b + b - 2*q. Suppose -7 = b*i - 52. What are the prime factors of i?
3, 5
Let c = -19 + 16. List the prime factors of (-5 - c)*(-20)/2.
2, 5
Let j(v) = -v**3 - 6*v**2 - 4*v + 7. Let d be j(-5). Suppose 0 = d*g - 3 - 5. Suppose g*c = -c + 40. What are the prime factors of c?
2
Suppose r - 1 + 0 = 0. Suppose -c - 4*i = -r, -5*c - 4*i + 65 = i. What are the prime factors of c?
17
Let k be (1 - 2)*(0 - 3). Suppose r = -k*r + q + 9, 2*r + 5*q - 21 = 0. Suppose -r*x - 35 = -8*x. What are the prime factors of x?
7
Let b(t) = 2*t**3 + t**2 + 7*t - 4. What are the prime factors of b(5)?
2, 3, 17
Suppose -d - 3*d + 490 = 3*f, 5*f = 4*d - 474. Let z = 311 - d. List the prime factors of z/15 + 1/3.
13
Let p(o) = -6*o + 4. What are the prime factors of p(-15)?
2, 47
Let u(s) be the third derivative of 0*s + s**2 - 7/6*s**3 + 1/8*s**4 + 0. What are the prime factors of u(5)?
2
Let f(z) = z**3 - z**2 - 2*z + 7. List the prime factors of f(3).
19
Suppose -4*y - 35 - 10 = -5*i, -4*y - 2*i = 38. Let n = -8 - y. List the prime factors of n.
2
Suppose -483 = -2*t - 5*t. List the prime factors of t.
3, 23
Let r = 51 + -19. What are the prime factors of r?
2
Let y = -29 - -130. What are the prime factors of y?
101
Let c(y) = 9*y**3 + y**2 - y - 1. Let s be c(-2). Let l = 113 + s. List the prime factors of l.
2, 23
Let l be 24/(-14)*(-14)/4. Suppose -2*o - 2*z = -l*o + 62, -67 = -4*o + z. What are the prime factors of o?
2, 3
Let b = -25 - -10. Let l = b - -33. What are the prime factors of l?
2, 3
Suppose -5*l = j - 425, -l - 2*l = 2*j - 255. Suppose u + l = 6*u. What are the prime factors of u?
17
Let y = -42 - -75. List the prime factors of y.
3, 11
Suppose -a = 3*p + 13, -4*a = -7*a - 12. Let m = p - -7. What are the prime factors of m?
2
Let n(t) = -t**3 - t**2 + t + 20. Let d be n(0). Let q = -3 + d. What are the prime factors of q?
17
Let y(r) = r**3 + r**2 + 7*r - 13. What are the prime factors of y(4)?
5, 19
Suppose 20 = -3*p - 10. Let f be 4/(-10) - 44/p. Suppose 0 = o + f*o + 5, -4*o = -3*d + 13. What are the prime factors of d?
3
Suppose -2*c + 36 = -44. Suppose c = v + 4*v. Suppose j = -3*j + v. List the prime factors of j.
2
Let p = 0 + 0. Suppose p*b + b = 0. Suppose 5*n + 10 - 45 = b. List the prime factors of n.
7
Suppose p + 1 - 2 = 0, -o + 3*p + 44 = 0. Let g = -3 - 31. Let f = o + g. What are the prime factors of f?
13
Let l = -68 + 186. What are the prime factors of l?
2, 59
Suppose -x = -5*v + 286, x + 3*x = -3*v + 167. What are the prime factors of v?
3, 19
Let t = 280 + -175. What are the prime factors of t?
3, 5, 7
Suppose 2*t - 5*n - 17 = -0*n, 7 = 4*t - n. Let f be (-1)/(-2) + (-21)/(-14). List the prime factors of (5 + f)*t*2.
2, 7
List the prime factors of (28/(-42))/(2/(-153)).
3, 17
Suppose 4*h + 220 = 9*h. What are the prime factors of h?
2, 11
Let x = -86 - -138. List the prime factors of x.
2, 13
Let c = 34 + -12. Suppose -c - 18 = 4*l. Let z = l + 12. List the prime factors of z.
2
Suppose 2*g = -2*a - 22, -5*g - 4*a = -a + 51. List the prime factors of 4*g/(-12) - -4.
7
Suppose 3*c + 5*m - 783 = 0, 0 = -7*m + 4*m. What are the prime factors of c?
3, 29
Suppose 28 = 5*u - 3*u - 5*q, q - 16 = -5*u. Suppose 5*r = c - u*c + 26, 2*c = 4*r + 10. What are the prime factors of c?
7
Let o(g) = -6*g**2 + 4*g - 2. Let m be o(3). Let p be 2/11 + 8/m. Suppose -3*f + p*d = -5*d - 26, -4*d + 24 = 4*f. What are the prime factors of f?
7
Suppose -3*q - 2*k + 0*k = 92, k - 136 = 5*q. Let u be -12 - -3 - (0 + -2). Let b = u - q. List the prime factors of b.
3, 7
Suppose 0 = y - 6*y. What are the prime factors of 18 + 12/(4 + y)?
3, 7
Let c be (-94)/(-14) - (-2)/7. Let f(w) = -w**3 + 6*w**2 + 8*w + 1. Let o be f(c). Suppose -4*d + 14 = -v, 4*d - 2*v + 4*v = o. What are the prime factors of d?
3
Let t be 1/(0 + 1/(-7)). Let c be (t/4 - -2)*8. Suppose 3*i + 4*y - 11 = 0, c*y + 52 = 4*i + 8. List the prime factors of i.
3
Suppose -4*v + 12 = -3*q - 33, 0 = -4*q - 12. Suppose -2*z = z - v. What are the prime factors of z?
3
Suppose 4*m = x - 2, 0 = -m - 5*x + 7 - 18. Let n = m + 17. Suppose 0 = -4*a + 2*q + 2*q + 56, 0 = a - 3*q - n. List the prime factors of a.
13
Let s be 2/((-4)/36 + 0). Let u = s - -48. List the prime factors of u.
2, 3, 5
Let a be ((-16)/10)/(2/(-5)). Suppose 0 = -k + a*k - 60. What are the prime factors of k?
2, 5
Let x(o) = 4*o**3. List the prime factors of x(1).
2
Let v(c) = -4*c - 5. Let w(d) = -d. Let g(m) = v(m) - 6*w(m). Let t be g(6). Suppose 5 = 4*a - t. What are the prime factors of a?
3
Suppose 1 = -o + 3. What are the prime factors of (-39)/o*(-8)/6?
2, 13
Suppose -z + 1 = -5*t - 3, 3*t = -2*z - 5. Let c(i) = -i**2 + 19*i - 19. Let p be c(18). What are the prime factors of (-4 + p)/(t/2)?
2, 5
Suppose -c - 2*c + 24 = 0. Suppose -4*u + c = n, 4*u + 0*u - n = 16. Suppose w = u*w - 22. What are the prime factors of w?
11
Suppose 2*d + 1 = 3*d. What are the prime factors of 1*(-1 + d - -10)?
2, 5
Let a be ((-4)/6)/((-1)/9). Suppose 0*v - 9 = -v. List the prime factors of 6/v + 62/a.
11
Let k = 20 + -9. What are the prime factors of (k - 4)*(-40)/(-14)?
2, 5
Let y be 2/4 - 5/10. Suppose x = u + 2*x - 6, 5*x - 10 = y. Suppose 5*j = 3*t - 48, 0 = -9*j + u*j. List the prime factors of t.
2
Suppose 0 = 2*p - 9*p + 245. List the prime factors of p.
5, 7
Let w(y) = -15*y. Suppose -3*i = 5*x + 13, -2*i - i + x - 1 = 0. List the prime factors of w(i).
3, 5
Suppose 820 + 461 = 7*z. List the prime factors of z.
3, 61
Let v(a) = a**2 - 4*a + 14. List the prime factors of v(6).
2, 13
Suppose -30 = -2*l - 3*l. Let s(v) = -v**3 + 5*v**2 + 8*v - 7. Let h be s(l). Suppose -m - 40 = -h*m. List the prime factors of m.
2, 5
Suppose -x = 2*s + 2, 0 = 2*x + 5*s + 6. What are the prime factors of x/6 - (-205)/15?
2, 7
Let t = 8 + -4. Suppose -5*s = -10, t*m - 15 = 4*s - 3. What are the prime factors of m?
5
Suppose 3*a - 5*a - 138 = -3*x, -4*x + 184 = -4*a. List the prime factors of x.
2, 23
Let n(w) = w**3 + 6*w**2 - 3*w + 8. What are the prime factors of n(-6)?
2, 13
Let w be ((-6)/(-15))/(4/20). Let f(y) = 3*y**3 - 3*y - w*y**3 - 4 + 2 - 4 + 5*y**2. List the prime factors of f(-5).
3
Suppose -54 + 8 = -2*m. Suppose 2*g + 42 = -4*j, -2*g - m = 2*j + 11. Let u = g - -30. What are the prime factors of u?
17
Suppose -l + 32 = 5. List the prime factors of l.
3
Let u be 2/5 + (-44)/10. What are the prime factors of (u/3 + 0)*-6?
2
Let r(c) = -c**2 - 3*c + 1. Let t be r(-2). Suppose 2*j + 2*z - 42 = t*z, 0 = -j + 3*z + 11. List the prime factors of j.
23
List the prime factors of (-2)/(-5) + 158/5.
2
Suppose 5*q - i + 2*i = 70, -i = q - 18. List the prime factors of q.
13
What are the prime factors of (-20)/30 - 3/((-9)/203)?
67
Let i(s) = s**3 + 7*s**2 + 7*s + 4. Let l be i(-6). Let t be 6/(-1 - 5/l). Suppose -4*k = 4*g - 32, 5 = t*g - k - 2. What are the prime factors of g?
3
List the prime factors of (-25)/10*88/(-5).
2, 11
Suppose 5*c + 2 = 17, -3*c = 2*a - 243. Suppose 39 = z - 5*v + 2*v, 0 = 3*z - 4*v - a. Let t = -20 + z. List the prime factors of t.
19
Let r = 43 + -13. List the prime factors of r.
2, 3, 5
Let o = -32 + 62. What are the prime factors of o?
2, 3, 5
Suppose -c + 4 = -0*c. Suppose -2*j - 50 = -c*n, -3*n = -6*n - 2*j + 48. List the prime factors of n.
2, 7
Let u = -4 - -239. What are the prime factors of u?
5, 47
Let w = -25 - -28. What are the prime factors